hen 137 is divided by 45/225 + (-1043)/(-35).
17
Let l(j) = -j**3 + 36*j**2 + 27*j - 33. Let h be l(37). Let y = h - -425. What is the remainder when y is divided by 4?
2
Suppose -5*j - i = -3*i - 1, -11 = -3*j - 4*i. Let v(o) = -18*o + j - 6*o + 0 - 3*o. Calculate the remainder when 54 is divided by v(-1).
26
Let f be (-4)/(-6) - (-122)/6. Calculate the remainder when 52 is divided by f + (4 - (-2 + 2)) + -4.
10
Suppose -3*h - 70 = -c, 398 = 5*c - h + 2*h. Calculate the remainder when 331 is divided by c.
15
Suppose 27471 = 143*p + 553*p - 2457. What is the remainder when 1 - 0 - -3*114 is divided by p?
42
Let z(q) = -q**2 - 1077*q - 6390. Calculate the remainder when 207 is divided by z(-6).
27
Suppose -11*p - 75 = -163. Let k(l) = 2*l**2 + 9*l - 6. Calculate the remainder when k(-7) is divided by p.
5
Suppose 57*x - 53*x - 40 = 0. Calculate the remainder when 283 is divided by ((-190)/(-50))/(2/x).
17
Let g = 14 + -22. Let s be -3 + (-3 - g) - -10. Suppose -6*k + 2*k = -s. Calculate the remainder when 18 is divided by k.
0
Let p(q) = -8*q - 5. Suppose 262*h - 3580 = 83*h. What is the remainder when p(-5) is divided by h?
15
Let l(i) = -7*i - 197. Let y be (68/(-2)*1)/(84 + -83). Calculate the remainder when 325 is divided by l(y).
38
Let d(u) = u**2 - 17*u + 15. Let g be d(16). Suppose 437 = 36*z - 247. What is the remainder when z is divided by (35/(-25))/(g/5)?
5
Calculate the remainder when 8/(-2) - (4 - 1872/8) is divided by 41.
21
Let v = -4680 - -4690. What is the remainder when 24 is divided by v?
4
What is the remainder when 285 is divided by -5*2*(-1152)/160?
69
Calculate the remainder when 247 is divided by (2/(-5))/(((-10)/(-325)*13)/(-158)).
89
Let u(a) = a**3 - 15*a**2 + 36*a - 119. Calculate the remainder when 573 is divided by u(14).
6
Let z(s) = -s + 14. Let k be z(9). Let i(o) = -6*o + 4*o - o**3 + o + k*o - 9 - 3*o**2. What is the remainder when 44 is divided by i(-5)?
2
Suppose -317 = -4*c + 471. Suppose 3*q = -2*h + c, 0*h - 3*h + q = -279. Let m(b) = -572*b + 3456. What is the remainder when h is divided by m(6)?
22
Suppose -150*v + 41*v + 832 = -77*v. What is the remainder when 92 is divided by v?
14
Let w = -2185 + 2261. Calculate the remainder when 102 is divided by w.
26
Let r be -5 + 7 + (1 - 2). What is the remainder when (-7225)/(-125) - r/(-5) is divided by 22?
14
Let p = 37 - 35. Let g(k) = 3*k**2 - 3*k. Let f be g(p). Suppose 18 = -f*z + 108. What is the remainder when 27 is divided by z?
12
Suppose 3*d + 2*l = 1604, 4*d + 464*l = 469*l + 2085. What is the remainder when d is divided by 257?
16
Suppose 3*p + 135 = 3*n, -n = p + 8 - 49. Let s = 23 + 146. What is the remainder when s is divided by n?
40
Suppose 4*g - g - 181 = -2*p, 4*g = 4. Suppose 0 = 3*u + u - 176. Let b = p - u. What is the remainder when b is divided by 13?
6
Let q(f) = -19*f - 8 - 7*f - 35 + 3*f**2. What is the remainder when q(13) is divided by 19?
12
Let q = 8713 - 2671. Calculate the remainder when q is divided by 31.
28
What is the remainder when 3658 is divided by (-3)/(-18)*6 - (-1825 - (7 + -14))?
20
Let g = 70 - 60. Calculate the remainder when (-4)/(-4)*176/11 is divided by g.
6
Let d(p) = -29*p + 7. Let j be d(8). Let u = j + 133. Calculate the remainder when u/(-3)*42/28 is divided by 16.
14
Let a = -7718 - -7807. What is the remainder when 32929 is divided by a?
88
Let q(d) = -d**3 - 8*d**2 - 61*d - 625. Let j(n) = n**2 - 2*n + 1. Let z be j(1). Let v(t) = -t + 34. What is the remainder when v(z) is divided by q(-9)?
4
Suppose 0 = -2*h - 20 + 26. Suppose 4*l + h*w + w - 156 = 0, 5*l - 235 = 3*w. Calculate the remainder when l is divided by 21.
2
Suppose -11*u + 7309 = 1567. Suppose -2*x - 2*r + 6*r = -270, -4*x = r - u. Calculate the remainder when x is divided by 27.
23
Suppose 3*r + 0*p + 322 = -p, 2*p = -8. Let u = r + 174. Let h = 95 - u. Calculate the remainder when h is divided by 8.
3
Suppose -21 = -4*i - 0*j + j, 3*j = 2*i - 23. Suppose -8*a + 7*a + i = 0. Let d = -43 - -59. What is the remainder when d is divided by a?
0
Let k = 1 - -19. Suppose -5*y + 920 = 5*w, 1643*y - 1642*y - 174 = w. Calculate the remainder when y is divided by k.
19
Suppose -3*g = 5*s - 45, -g + 12 + 2 = 2*s. Suppose -2*j - g*q = -19*q - 41, q = -3*j + 59. What is the remainder when 88 is divided by j?
16
Suppose -90*b - 11168 = -69228 - 4670. What is the remainder when b is divided by 70?
67
Let h = -2708 - -2751. Calculate the remainder when 125 is divided by h.
39
Suppose -3*y - 5*k + 7*k = -21, 3 = k. Let p(r) = -7*r + 68. Calculate the remainder when 11 is divided by p(y).
1
Let y be (-1035)/90 - 2/4. Calculate the remainder when 698 is divided by ((-30)/2)/(y/160*2).
98
Suppose -67 = -2*f - o, 2*f - 21 - 36 = -3*o. What is the remainder when 122 is divided by 223*4/f - (-8)/36?
22
Let s = -63 + 78. Suppose n = -5*r + 87, r - n - s = -0*n. Calculate the remainder when 63 is divided by r.
12
Let r = 926 + -644. Suppose -g - 14 - 92 = -2*k, -4*k + 3*g + 204 = 0. What is the remainder when r is divided by k?
54
Let p(u) = -2*u**3 + 3 - u - 3*u**2 - 10 + 0 + 3*u**3. What is the remainder when 192 is divided by p(4)?
2
What is the remainder when (-53)/(-689) - 6066*(-12)/104 is divided by 161?
56
Let r = 312 - 441. Let o = -81 - r. Calculate the remainder when o is divided by 2*2/10*65.
22
Let q be 503 + -1 + -4 + 6. Suppose q = 36*h - 27*h. What is the remainder when h is divided by 30?
26
Suppose 88*d - 41*d - 35*d = 864. What is the remainder when 949 is divided by d?
13
What is the remainder when 286 is divided by (1 - 940/(-6)) + (78/(-9) - -11)?
126
Let x(g) be the second derivative of 1/6*g**3 + 2*g**2 + 1/6*g**4 + 0 + 18*g. What is the remainder when x(-4) is divided by 20?
12
Let h(k) = 15*k + 28 + k**2 + 2 + 26 + 9. Calculate the remainder when h(-6) is divided by 5.
1
Let b(o) = -o**3 + 27*o**2 + 5. Suppose m - 108 = -3*m. Let x be b(m). Suppose x*g + 8*g = 156. What is the remainder when 34 is divided by g?
10
What is the remainder when (-126)/(-70)*(-1385)/(-3) is divided by 16?
15
Let a(s) = 72*s + 992. Calculate the remainder when 383 is divided by a(-13).
47
Let u = -7182 + 14839. What is the remainder when u is divided by 23?
21
Suppose -2*t - 10 = 2*f, 0 = -4*t + 5*t + 2*f + 8. Let s be (1/2)/((-4)/48). What is the remainder when 17 is divided by -2 + (t + s)/(4/(-6))?
7
Suppose 10435*p = 10578*p - 10868. Suppose -5 = 2*k - 25. Calculate the remainder when p is divided by k.
6
Let w(b) be the second derivative of -b**5/20 + 5*b**4/12 + 7*b**3/6 + 9*b**2/2 - 3*b - 7. Calculate the remainder when 385 is divided by w(6).
10
Suppose 7292 - 8264 = -3*l. What is the remainder when l is divided by 108?
0
Let q(s) = -13*s + 12*s - 37 + 45 + 6*s. What is the remainder when q(31) is divided by 11?
9
Let l(q) = 11*q**2 + 39*q + 39. Calculate the remainder when 260 is divided by l(-2).
0
Let p(j) = -j**3 - 10*j**2 - j + 3. Let w(d) = 2*d**3 - 6*d**2. Let a be w(3). Suppose a = -11*t + 94 - 17. What is the remainder when p(-10) is divided by t?
6
Let t(z) = -z + 7. Let c be t(3). Suppose 4*p - 202 = -4*g + 2*g, 3*p + 371 = c*g. Suppose 4*w - 759 + g = 0. What is the remainder when w is divided by 42?
40
What is the remainder when 731 is divided by 11 - (-232 + -3 - -3)?
2
Suppose -17*v + 1211 = -1781. Suppose 4*a - 6*a = -4*g + 240, 8 = 4*a. What is the remainder when v is divided by g?
54
Suppose -96*x + 216 = -90*x. Suppose -3*o = -148 - 155. Calculate the remainder when o is divided by x.
29
Suppose -958*b = -909*b - 6468. What is the remainder when 424 is divided by b?
28
Let y(a) = -259*a + 1703. Calculate the remainder when 1056 is divided by y(6).
13
Calculate the remainder when 6707 is divided by (-18)/(-900)*20*-1*(2 - 307).
119
Let t(f) = -13*f - 42. Let w be t(-19). Let v = -182 + w. What is the remainder when v is divided by 6?
5
Let s(l) = 5*l**2 - 7*l + 26. What is the remainder when s(5) is divided by (((-1547)/26)/7)/(2/(-4))?
14
Let f = -8845 + 9104. Suppose x + 3*x - 104 = 0. What is the remainder when f is divided by x?
25
Suppose 281*x - 87 = 278*x. Let y be -1*2 + 5/(-1). Let a = y - -23. Calculate the remainder when x is divided by a.
13
Suppose 2*q - l - 470 = 0, 6*q = 9*l - 5*l + 1416. Calculate the remainder wh